-3)?
11
Let q(p) = p**2 + 7*p + 7. Let m be q(-6). Let n(l) be the third derivative of l**6/40 + l**5/60 - l**4/24 + 8*l**2. List the prime factors of n(m).
3
Let w(f) = f**3 - 5*f**2 - 8*f + 1. Let g be w(6). Let c(b) = -2*b - 6. List the prime factors of c(g).
2
Let k(o) = 6*o - 12. What are the prime factors of k(7)?
2, 3, 5
Let f(j) = -j**2 - 7*j - 4. Let d be f(-6). Let o(v) = v + 2. Let s be o(d). Suppose 4*u = 3*w - 8, -s*w - 5*u = -51 - 1. What are the prime factors of w?
2
Suppose 5*g = 15, s - 51 = -0*s - g. Suppose 17 = j + x, -7*j + 3*j + x + s = 0. What are the prime factors of j?
13
Let f(t) = 6*t**2 + 0 + 0*t - 2*t - 1. What are the prime factors of f(-1)?
7
Suppose -s = -5*s + 148. List the prime factors of s.
37
Let q(v) = v - 1. Let l be q(4). Suppose 0 = -m + l, -5*y + 2*m + 139 = -0*m. List the prime factors of y.
29
Let o be (8/6)/((-2)/6). Let t be (-22)/(-5) - 4/10. Let i = t - o. List the prime factors of i.
2
Let f(w) = w**3 - 5*w**2 - 7*w + 3. Let s be f(6). List the prime factors of 2 + (23 - s)/2.
3, 5
Let i = 121 + -116. Let f(g) be the third derivative of -g**5/60 + g**4/3 + g**3/2 - g**2. What are the prime factors of f(i)?
2, 3
Suppose -2*d + 4*f = -28, 4*d - 21 = -0*f + f. What are the prime factors of d?
2
Let d be 4/10 - (-8)/5. Let o be -1 + (d - 1) + 6. Suppose -9 = 3*m, -a + 22 - o = -3*m. List the prime factors of a.
7
Let q(s) = s + 6. Let z be q(-8). Let y = z - 0. What are the prime factors of (-3)/y*4 + 0?
2, 3
Let r(w) = -2*w**3 - w**2 - 1. Let d be r(-2). Suppose 0 = 3*t - d - 31. List the prime factors of t.
2, 7
Let v(d) = -d**2 + d + 28. Let o be v(0). List the prime factors of (-7)/o - (-77)/4.
19
Suppose 4*j - 64 = -f, -j + 4*j = 4*f + 48. List the prime factors of j.
2
Suppose -2*v = 7*v - 468. List the prime factors of v.
2, 13
Let h(b) = b**3 - 6*b**2 + 3*b + 1. Let s(w) = w**2 - 3*w - 4. Let q be s(5). List the prime factors of h(q).
19
Let x(p) be the third derivative of p**4/24 - p**3 - p**2. Let i be x(8). Suppose -2*g + g = q - 10, -g = i*q - 17. What are the prime factors of q?
7
Suppose -6 + 4 = -2*y, 33 = -4*n - 3*y. Let v = 11 + n. What are the prime factors of v?
2
Let a(z) = z**2 - 16. List the prime factors of a(-9).
5, 13
Suppose 0 = -3*d - 2*v, 5*v - 23 = 4*d - 0*v. Let m(p) = p**2 - 3*p - 2. What are the prime factors of m(d)?
2
Suppose 49 = 5*c + 4. List the prime factors of c.
3
Let z(m) = -4*m + 11. What are the prime factors of z(-12)?
59
Suppose 219 = 3*s - 0*s + 5*k, 4*s - 315 = k. List the prime factors of s.
2, 3, 13
Suppose -2*v - 4*g = -106 - 0, -4*v + 184 = g. List the prime factors of (-176)/(-10) + 18/v.
2, 3
Let w(f) = f**3 - 5*f**2 - 6*f + 1. Let m be w(6). Let n = 20 - 18. List the prime factors of (-2 + (m - n))*-1.
3
Let u(n) = -7*n**2 - n + 11 - n**3 + 0*n**3 + 3*n**2 + 3*n**2. What are the prime factors of u(0)?
11
Let j = -2 - -5. Suppose j*a - 27 + 9 = 0. List the prime factors of a.
2, 3
Let w(z) = 2*z**2 - 10*z - 4. Let j(v) = -3*v**2 + 10*v + 5. Let x(i) = 3*j(i) + 4*w(i). List the prime factors of x(-9).
2
Let q = -22 + 13. Suppose 0*n = -4*n - x + 73, -5*n + 93 = 3*x. Let d = n + q. What are the prime factors of d?
3
Suppose -f = -4*z + 12, 2*z - 24 = -f - 3*z. Let d = -1 + f. Suppose q = -5*l - 0 + 36, -3*l - 18 = -d*q. What are the prime factors of q?
11
Let z be 7/21 + 71/3. Suppose -10*t = -8*t - z. What are the prime factors of t?
2, 3
Suppose 1032 = -4*l + 3*p + 81, 5*l + 4*p = -1150. Let d be (-1 + -3)/((-4)/10). List the prime factors of 2/d - l/30.
2
Suppose 3*i - 5*u = 245, 2*i + 0*i + 3*u - 138 = 0. Let o = i - 50. What are the prime factors of o?
5
Suppose x = -0*x. Suppose p - 5*p + 28 = x. List the prime factors of p.
7
Let j(u) = u**3 - u**2 - 2*u - 1. Let h be j(-1). Let q(r) = -1. Let c(x) = 4*x + 5. Let z(l) = h*c(l) - 4*q(l). List the prime factors of z(-2).
7
Let l(h) = 2*h - 1. Let a be l(3). Suppose -4*f = -2*n - 4, f + 4*f - 5 = 3*n. List the prime factors of (-3 + a)*(2 - f).
2
Let p(y) = -y**2 + 27*y - 8. Let w be p(11). Let i be w/35 + (-1)/(-5). List the prime factors of (-4)/(12/(-9)) + i.
2
Suppose 2*u = u. Let a(z) = z**3 + z + 13. List the prime factors of a(u).
13
Suppose 3*h - 27 = 3*m, h - 3*m = 8 + 11. What are the prime factors of h?
2
Suppose y - 2 = 0, 5 - 1 = j - 2*y. What are the prime factors of (-6)/j*(4 - 8)?
3
Let l(a) = a**2 - 3*a - 3. Let r = 11 + -5. What are the prime factors of l(r)?
3, 5
Let n be (-4)/(4/(-2)) - 38. Let a = 50 + n. What are the prime factors of a?
2, 7
Let v = 209 - 77. List the prime factors of v.
2, 3, 11
Suppose 2*w - 39 = -3*m + 3, -5*w + 2*m + 86 = 0. Suppose -w = 2*z - 5*z. List the prime factors of z.
2, 3
Let w be 0/((1 - 0) + 0). Suppose 4*g + 2*z + 24 = w, g + 24 = -3*g - z. What are the prime factors of g/(2/(-1)) + 1?
2
Let p = -1 - -29. Let h be 3/(-4) - (-133)/p. Suppose -2*d = -h, 4*d = 2*v - 0*v + 4. List the prime factors of v.
2
Let y(d) = 2*d**2 + 10*d - 3. List the prime factors of y(-8).
3, 5
Suppose -3*i - 3*a + 4 = -17, -3*a = -i - 13. Suppose 16 = i*x - l, -5*x + 2 = -4*x - 2*l. List the prime factors of x.
2, 5
Suppose 6*s - s - 25 = 0. What are the prime factors of s?
5
What are the prime factors of ((-114)/(-4))/((-15)/(-20))?
2, 19
Suppose -2*o - 1 + 5 = 0. Suppose 3*b = -2*b - o*p + 34, -b = -4*p + 2. What are the prime factors of (15/b)/(1/2)?
5
Let j(y) = -5 + 2 + 2 + 2*y**2 - y**2. Let z be j(-2). Suppose -5*r + 14 = -z*r. List the prime factors of r.
7
Let z be (-48)/(-22) - (-2)/(-11). Let k(j) = 7*j**2 - 3*j + 2. What are the prime factors of k(z)?
2, 3
List the prime factors of -1 + (-5)/(-7) - (-308)/49.
2, 3
Let u = -6 - -4. Let y be u/((-2)/((-92)/(-2))). Suppose 3*p - y + 16 = 0. List the prime factors of p.
2, 5
Let z = 5 - 5. Suppose z = -2*b + b. What are the prime factors of 8 + 2/(-4)*b?
2
Let u be 4/6 - (-16)/(-24). Let j(l) = l + 6. Let s be j(6). Let a = u + s. List the prime factors of a.
2, 3
What are the prime factors of (40 + 4 - 5)/1?
3, 13
Suppose -3*x + 3*v = -60, 3*x + 3*v = 2*x + 28. Let w = 29 - x. List the prime factors of w.
7
Let d(h) be the first derivative of h**4/4 + 7*h**3/3 - 4*h**2 + 8*h + 6. List the prime factors of d(-8).
2
Suppose -5*b = -4*b - 13. Let u = b + -5. List the prime factors of u.
2
Suppose c + 40 - 237 = 0. What are the prime factors of c?
197
List the prime factors of 2*3*154/66.
2, 7
Suppose -3*a = -12 - 42. Let g = -12 + a. Suppose -o = -4 - g. List the prime factors of o.
2, 5
Let g(j) = -j**3 + 3*j**2 + 5*j + 7. Let y be g(5). Let k = y - -26. What are the prime factors of k?
2
Let k = 302 + -214. What are the prime factors of k?
2, 11
Let s be (-45 - 7)*2/(-8). Suppose 4*l - 11 = s. List the prime factors of l.
2, 3
Suppose -u - 3*u = 2*w - 312, 208 = 3*u - 5*w. List the prime factors of u.
2, 19
Let k(b) = 3 - 2*b**2 + 7*b**2 - 3*b - 2*b**2. Let v = 6 - 4. List the prime factors of k(v).
3
Suppose -8 = -2*t - 4. Suppose t*s - 180 = -3*s. What are the prime factors of s?
2, 3
Let b(m) be the first derivative of m**2 + 7*m + 2. What are the prime factors of b(6)?
19
What are the prime factors of 8 - 6 - (-2)/(4/362)?
3, 61
Let k = 4 + -3. Let a(r) = -4 + 3 + 2*r + 9*r**2 - r. List the prime factors of a(k).
3
Let t be (-2)/(-2) + (-8 - -1). Let j = 5 + t. List the prime factors of -1*-6*2 - j.
13
Let v be (-37 + (2 - 0))/1. List the prime factors of (-88)/(-7) + 20/v.
2, 3
Suppose 3*f + 15 = 8*f. Let w = 10 + -6. Suppose w = -f*j + 5*j. What are the prime factors of j?
2
Suppose 3*x = -0*x - 12. Let w = x - -35. What are the prime factors of w?
31
Let c(a) = -7*a - 5. Let q be c(2). Let h = q + 32. What are the prime factors of h?
13
Let h = -8 - -28. What are the prime factors of h?
2, 5
Let x(f) = f + 3. Suppose 0*b - 7 = -b. What are the prime factors of x(b)?
2, 5
What are the prime factors of (-3 + 35)*9/6?
2, 3
Let o be (-4)/(-10) - 16/(-10). Suppose 0 = -o*v - v. Suppose -3*d = 3*u - 12, v*d - 3*d + 21 = 4*u. List the prime factors of u.
3
Let f(n) be the first derivative of -n**3/3 + 7*n**2/2 + 4*n - 4. Let j be f(9). List the prime factors of 3/(3 + -6)*j.
2, 7
Let c(o) = 2*o**2 - 4*o + 1. Suppose 0 = -2*a - 3*a - 5*z + 40, 3*a - 29 = -4*z. Let t be c(a). Let g = t - 1. List the prim